 derivative of p**3/6 + 15*p**2/2 - 3*p. Let d(h) = -6*k(h) + 13*w(h). Determine d(1).
8
Let b(f) = f**2 - 10*f + 9. Let z(n) = -3*n**2 + 31*n - 28. Let s(d) = -7*b(d) - 2*z(d). Determine s(5).
8
Let o(f) = 2*f - 4. Let l be o(3). Suppose 4*m - 6 - 6 = 0. Let u(t) = t**2 + t**2 + 1 - m*t + t. What is u(l)?
5
Suppose 21 = 2*m - 5*n, -4*n = -3*m - 7*n - 21. Let f(p) = -p**2 - p - 2. Calculate f(m).
-4
Suppose -4*m - 3*i = -12, i - 6 = -2*m + 3*i. Suppose -m = -3*s, -4*r = -r - 4*s + 7. Let f(b) = -b**3 + b. Give f(r).
0
Suppose -5*m + 6*m - 1 = 0. Let n be (-4 - -3)/(m/(-2)). Let b(t) = -4 + 8 + t + t**n + 6. Give b(0).
10
Suppose s = 2*s. Let i(l) be the third derivative of 0 - 1/24*l**4 - 2*l**2 + 1/2*l**3 + s*l. Calculate i(-3).
6
Let c = 6 + -9. Let y(l) be the third derivative of l**5/60 + l**4/12 + 2*l**3/3 + 2*l**2. Determine y(c).
7
Let z(m) = m**3 + 2*m**2 - 6*m - 4. Let l be (-7)/35 + (-148)/10. Let a be (1 + (-6)/l)*5. Suppose 9 = -4*w - a. Calculate z(w).
-12
Let n(q) = 9*q - 2. Let l(t) = -8*t + 1. Let d(o) = -6*l(o) - 5*n(o). Suppose -20 = x + 3*x. Calculate d(x).
-11
Let r be (-7)/(-2 + 2 - 1). Suppose 0 = -r*s + 4*s + 3. Let j(t) = -4*t**2 - 1 + 2*t + 0 - 4 + 4. Determine j(s).
-3
Suppose 0 = 10*c - 6*c + 8. Let y be (15/25)/((-1)/(-5)). Let j(m) = 2 + 2*m + y - 2. Give j(c).
-1
Let k be 1/1 + 8/4. Suppose -t - k*t + 20 = 0. Let f(z) = -z**3 + 5*z**2 - 2*z + 4. Determine f(t).
-6
Suppose 4 = 4*t - 0. Let c(p) = -p + 1. Calculate c(t).
0
Let t(h) = -3*h - 1. Let n be t(-1). Let j(v) = 0*v - n - 2 - 3*v + v**3 - 3*v**2. Suppose 5*y + 1 - 21 = 0. Give j(y).
0
Let l be (6/2)/(12/8). Let o(c) = -c**2 + 1. Let n(j) = 4*j**3 + 2*j**2 - 2*j - 3. Let x(g) = l*o(g) + n(g). Give x(-1).
-3
Let x(o) = 10*o**2 - 1 - 5946*o + 5947*o + 0. Determine x(1).
10
Let q be 0/((4 - 2)/(-1)). Let h(g) be the third derivative of -g**6/120 - g**4/24 - g**3 - 16*g**2. Give h(q).
-6
Let j(m) = -8*m**2 - 32*m + 9. Let x(y) = -3*y**2 - 11*y + 3. Let o(h) = 4*j(h) - 11*x(h). Let p = -331 - -337. Give o(p).
-3
Let z(o) be the second derivative of o**5/60 + o**4/6 - o**3/2 + 3*o**2/2 - o. Let k(r) be the first derivative of z(r). Determine k(-4).
-3
Suppose 0 = -c - 2*c + 18. Let i be c/(-10) - 4/10. Let j = -2 - i. Let b(y) = -12*y**2 - 2*y - 1. Give b(j).
-11
Let l(q) = -6*q**2 + 12*q + 20. Let n(x) = 2*x**2 - 4*x - 7. Let r(c) = -6*l(c) - 17*n(c). Suppose 12*o - 9*o = -63. Let a = -18 - o. Give r(a).
5
Suppose -v = -4*p - 6, 4*v - 2*p - 26 = -2. Let b(s) = -s - 6. What is b(v)?
-12
Let p(u) = -13*u**3 + u**2 + 4. Let i(f) = 12*f**3 - 3. Suppose r = 5*r - 8. Let z(a) = r*p(a) + 3*i(a). Suppose 5*y + 7 - 2 = 0. Determine z(y).
-9
Let x(j) = j**3 - 3*j**2 - 4*j + 3. Let i(c) = -7*c + 88. Let n be i(12). Determine x(n).
3
Let z(x) = -x**2 - x + 2. Suppose -11 - 9 = -5*l. Suppose l*h - 3*h = 4, 4*t + 3*h = -32. Let c(g) = g**2 + 12*g + 11. Let s be c(t). Determine z(s).
2
Let k(y) = -y**3 - y**2 + 4*y + 4. Suppose 11*z - 6*z = -15. What is k(z)?
10
Let w(k) be the second derivative of -1/6*k**3 + 2/3*k**4 + 1/2*k**2 + 0 + 2*k. Suppose -3*i = -2*i - 1. Determine w(i).
8
Let u be (1/(-2))/(2/(-16)). Let z(w) = -3 - 4*w**2 + 0*w**3 + u*w - w**3 + 3*w**3. Let s be 18/(-4)*56/(-126). Give z(s).
5
Suppose 5*f + 3*i - 15 = 8*i, -i = f - 3. Suppose 0 = -f*v - 21 - 0. Let z(j) = -j**2 - 9*j - 6. What is z(v)?
8
Let u(j) = 2*j - 7 + 5 - 5 + 0. Suppose -4*w + 3 = 2*r + r, 0 = 2*r + 5*w + 5. Determine u(r).
3
Let n = 24 + -26. Let i(r) = -2*r**3 - 3*r**2 - 2*r - 3. Give i(n).
5
Let b(v) = -v**3 - 7*v**2 - 6*v + 6. Let k be b(-6). Let h(o) = o**2 - 6*o + 1. Determine h(k).
1
Let y(o) be the first derivative of -o**3/3 - 2*o**2 + 7. Give y(-2).
4
Let j(k) = -k**3 + 6*k**2 - 7. Let z be (5 + 2/(-2))/((-4)/(-6)). Determine j(z).
-7
Let x(y) = y - 7. Let w(b) = -2*b + 13. Let f(a) = 4*w(a) + 7*x(a). Suppose -6 = -2*n + 2. Give f(n).
-1
Suppose -2*j + 2 = 0, 5*m = -2*j - 3*j + 85. Suppose 0 = 7*o - 3*o + m. Let h(a) = -5 - a + a**3 + 2*a + 4*a**2 - a - 3*a. Give h(o).
7
Let c = 2 - -1. Let d(q) be the third derivative of 0*q + 0 + 1/6*q**4 - 1/120*q**6 - 1/2*q**c + q**2 - 1/20*q**5. Calculate d(-4).
-3
Let c(r) = 6*r**3 - 6*r**2 - r**2 - 7*r**3. Calculate c(-7).
0
Let r be 3 + (1 - 0/(-3)). Suppose -15 = -r*x + x. Let o(h) = h - 7. Give o(x).
-2
Let l be (-8)/(-12) + (-16)/(-3). Suppose l*h = 3*h - 3*j + 24, -h - 2*j + 11 = 0. Suppose -3*p + 2*p + h = 0. Let a(w) = -w**2 + 5*w + 6. Determine a(p).
6
Suppose -8*w - 7 + 87 = 0. Let r(x) = -x**2 + 11*x - 7. Determine r(w).
3
Let m(b) = b - 1. Let o(l) = 15*l - 1. Let s(g) = 2*m(g) - o(g). Determine s(1).
-14
Let y(i) = -13*i + 32*i - 20*i + 19. Calculate y(0).
19
Let v(u) = 4*u + 1. Let w be v(2). Suppose 8*g = w*g + 4. Let n(q) = -q**3 - 3*q**2 + 4*q - 4. What is n(g)?
-4
Let r(f) = 64*f. Let j(t) = -7*t. Let h(o) = -28*j(o) - 3*r(o). Let n be (-1)/6*4*3. Give h(n).
-8
Let m(t) = t - 8. Let f be m(10). Suppose -f*p - 4 = -0. Let b = -2 + p. Let h(g) = g**2 + g - 3. Calculate h(b).
9
Let b(v) be the third derivative of -2/3*v**3 + 1/12*v**5 + 3*v**2 + 1/12*v**4 + 0*v + 1/120*v**6 + 0. Determine b(-5).
-14
Suppose 21 = 3*l - 5*u - 0*u, -l - 5*u - 13 = 0. Let a(j) = l - 4*j + j + j. Suppose -3*f - 2*r = 0, 0 = -3*f - 2*f - 2*r - 4. Determine a(f).
6
Let d(j) = 2*j + 4. Let v(m) = m**3 - 2*m**2 - m - 2. Let z be v(-2). Let k be (-19)/7 - z/(-56). Calculate d(k).
-2
Let w(k) = k**3 + 7*k**2 + 7*k + 4. Let l(f) = -1 + 0 + 2. Let a(b) = l(b) - w(b). What is a(-6)?
3
Let j(t) be the third derivative of t**4/24 + 5*t**3/6 + 12*t**2. Give j(7).
12
Let p(u) be the second derivative of -1/120*u**6 + 2*u**2 + 7/6*u**3 - 4*u + 0 + 1/6*u**4 + 1/15*u**5. Let f(y) be the first derivative of p(y). Determine f(5).
2
Suppose -4*m + 28 = -0. Let s(z) = 5*z**2 - 3. Let t(p) = 16*p**2 + p - 10. Let g(k) = m*s(k) - 2*t(k). Let j(n) = -n - 5. Let r be j(-4). What is g(r)?
4
Let q be (9/(-4))/(9/24). Let b be (-3)/q*(1 + -1). Let u(f) = f**3 - 5*f + 2*f**2 + 6*f - f**2. Determine u(b).
0
Let c(r) = r**2 + 2*r + 1. Let u(j) = -j**2 + j + 1. Let h = 12 + -10. Let k be u(h). Determine c(k).
0
Let d(p) be the second derivative of p**3 + 5*p**2 + 11*p - 3. Determine d(-7).
-32
Let c = 27 - 18. Suppose -8*b - 5*i = -3*b + 25, -9 = 3*i. Let w be (1 + b)/((-3)/c). Let k(o) = o**3 - 3*o**2 + 3*o - 2. Give k(w).
7
Let t(c) = -2*c**2 - 5 + c**2 - 7*c - 1. Let d = -5 - -9. Suppose -4*m = -2*f + 6, -3*m - 41 = 5*f - d. What is t(m)?
6
Let u(k) = -k + 1. Let m(f) = -2*f**2 - 16*f - 4. Let t(y) = -m(y) + 6*u(y). Let i(h) = -h**2 - 5*h - 5. Let b(d) = 7*i(d) + 3*t(d). Give b(-5).
-5
Let t(c) be the first derivative of c**2/2 - 2*c - 4. Determine t(-8).
-10
Let d(r) be the second derivative of 1/2*r**3 + r**2 + 0 + r + 1/12*r**4. Give d(-2).
0
Let a(w) be the second derivative of w**4/12 + w**3/2 - 3*w**2/2 + 22*w. Determine a(-6).
15
Let q(z) = 2*z - 8*z - 1 + 2*z + z. Determine q(-4).
11
Let w be 4 + -2 + 1 + 2. Let p(i) = 4*i**2 + 1 + i - w + 3. Determine p(1).
4
Let z = -3 + 8. Let b be 1*-1 + (z - 0). Let w(j) = j**2 - 5*j + 3. What is w(b)?
-1
Let l(c) = c**2 + 3. Suppose -1 = 4*j + 11. Give l(j).
12
Suppose 2*f - 10 = 6. Let o = f - 2. Let l(k) = k**3 - 5*k**2 + 6*k + 5 - 2*k**2 + 0*k**3. Give l(o).
5
Let o(u) be the first derivative of -u**5/20 - u**2/2 + 3*u - 2. Let j(m) be the first derivative of o(m). Give j(-1).
0
Let r = -70 + 74. Let y(g) be the second derivative of -1/20*g**5 + 0 - 2*g**2 + 2*g - 1/3*g**r + 5/6*g**3. Give y(-5).
-4
Let b(o) be the third derivative of 1/120*o**6 + 0 - o**3 + 1/60*o**5 + 1/24*o**4 + 0*o + 3*o**2. Determine b(0).
-6
Suppose 4*t - 4 = -5*b, 4*b + 46 = 8*t - 3*t. Let r(n) be the third derivative of -n**5/60 + n**4/6 + n**3 - n**2. Determine r(t).
-6
Let t = 4 - 4. Let w be 2 - (t + 2) - -1. Let y(i) = 2 - 7 + w + i**2. What is y(-3)?
5
Let s(c) = -c**3 - 4*c**2 + c. Let x(o) be the first derivative of o**4/4 + 2*o**3 + 5*o**2/2 - 4*o - 1. Let t be x(-5). Calculate s(t).
-4
Let j(r) = -2*r. Let p(y) = y + 1. Let a(f) = -j(f) - 3*p(f). Let o be (6/10)/((-5)/25). What is a(o)?
0
Let y(l) be the third derivative of -7*l**5/30 + l**4/12 + l**3/6 + 2*l**2. Calculate y(-1).
-15
Let a(j) = -j**3 - 5*j**2 - 6*j - 4. Let r = 8 - 8. Suppo